s + 36. What are the prime factors of s?
2, 3
Suppose 5*t + k - 55 = -12, -4*k + 12 = 0. Suppose -2*m - 3*y = -74, t*y + 126 = 4*m + 3*y. List the prime factors of m.
2, 17
Suppose 2*q = 6*q. Suppose q = -v + 7 + 7. What are the prime factors of v?
2, 7
Suppose 0 = -d - 2*p + 19, 37 - 127 = -3*d + 5*p. Let k = -8 + d. What are the prime factors of k?
17
Suppose -6*x + 99 = -39. List the prime factors of x.
23
Suppose -f + 0 = -3. Suppose 0 = x - f. Suppose 5*n - 10 = 2*h - 4*h, -28 = -x*h - n. What are the prime factors of h?
2, 5
Let h(i) = 9*i + 3. Let s be h(3). Suppose 3*l = -12, -s = 5*g - l - 99. List the prime factors of g.
13
List the prime factors of (5/(-10))/(2/(-148)).
37
Suppose -3*z = 2*z. Suppose -4*v = -z*v - 16. What are the prime factors of v?
2
Suppose -2 = -4*f + 6. Let l = f - 2. Suppose 4*r + 2*i - 44 = l, -5*r + 5*i + 30 + 25 = 0. What are the prime factors of r?
11
Suppose -3*y - 3*w = -27, y + w - 13 = -4*w. Let d be 1*2*6/4. Suppose d*z - y = -z. List the prime factors of z.
2
Let u(z) = z**2 - 5*z + 3. Let j(l) = l**2 - 4*l. Let s be j(5). Let a be u(s). Suppose a*k + 3 = 12. List the prime factors of k.
3
Let k = -29 + 63. Suppose -4*z + 3*b = -46, 2*b - k = -3*z + 4*b. What are the prime factors of z?
2, 5
List the prime factors of 471/(-6)*20/(-10).
157
Suppose 4*c + 27 - 7 = 0. Suppose -4*v + 32 = 2*q, v = -2*q - 2*v + 28. Let g = c + q. What are the prime factors of g?
3
Let d = -101 + 210. List the prime factors of d.
109
Let w = -4 - -12. Suppose -5*u + w*u = 15. Suppose 6*g - 3*g + u*z = 21, 4*g - 28 = 2*z. What are the prime factors of g?
7
Let h = -4 + 6. Suppose -p + 0*p - 4*v + 24 = 0, 0 = -3*p + h*v + 16. What are the prime factors of p?
2
Let v(j) = -32*j + 49. What are the prime factors of v(-8)?
5, 61
List the prime factors of (-495)/(-30)*4/6.
11
List the prime factors of 117/6*4/3.
2, 13
Suppose -q + 6*q = 40. Suppose -4*r = -44 + q. List the prime factors of r.
3
Let a(d) = d - 2. Let c be a(2). Suppose c = -y - 0 + 4. Suppose 0 = -4*f + 5*j - 1 - 2, -3 = 3*f - y*j. List the prime factors of f.
3
Suppose -3*n = -7*n - 12, 89 = 4*j - 3*n. What are the prime factors of j?
2, 5
List the prime factors of 5 - 2 - (5 + -23).
3, 7
Suppose -2*y + y = -p - 1, 0 = -5*p - 3*y - 45. Let g(x) = x**3 + 7*x**2 + 4. What are the prime factors of g(p)?
2, 5
Suppose -2*f - f = -l + 2, -3*l + 19 = 4*f. Suppose l*d - 80 = 5*k, 1 = 3*k - 4*k. List the prime factors of d.
3, 5
Suppose -3*s - 3*g = -9, -5*s - 6 = -4*g - 30. List the prime factors of (s/12)/(3/243).
3
Let q = -115 + 163. What are the prime factors of q?
2, 3
Suppose 39 = 3*p - 0*p. Let a be 3/(-1 - p/(-10)). Suppose 3*n = 4*c - a, -n + c + 10 = 3*c. List the prime factors of n.
2
Let d = -18 + 23. Suppose 0 = d*i - 0*i - 15. What are the prime factors of i?
3
Suppose 0*g - 2*g - 5*b = -17, -79 = -4*g - b. Let x(t) = -8*t**3 - 2*t**2 + t. Let p be x(1). Let w = g + p. What are the prime factors of w?
2, 3
Suppose 0 = f - 7*f + 144. What are the prime factors of f?
2, 3
Suppose -2*x - 16 = -x. What are the prime factors of ((-3)/2)/(2/x)?
2, 3
Let j(i) = 23*i**3 - i**2 - i + 1. Let n be j(1). Let q = -15 + n. What are the prime factors of q?
7
Let g = -51 + 80. List the prime factors of g.
29
Let r(i) = -2*i + 38. List the prime factors of r(0).
2, 19
Let u(m) = 2*m + 2. Let y be u(1). Suppose y*q - 130 = 3*w, 2*w = 3*q - w - 99. What are the prime factors of q?
31
Let u be 49/(-4) + (-3)/(-12). Let n = -7 - u. What are the prime factors of n?
5
Suppose 0 = 5*z + 3*s - 502, -12 = -2*s - 4. Suppose n + z = 3*n. List the prime factors of n.
7
Let m(r) = -r - 5. Let t(v) = -2*v - 9. Let o(w) = 5*m(w) - 3*t(w). Let z be o(-4). Let a(n) = -n**3 + 2. List the prime factors of a(z).
2, 5
Let j(z) = 13*z**3 + 21*z**3 + 3*z - 2*z**2 - 3*z + z. List the prime factors of j(1).
3, 11
Let s(g) = -g**3 - 2*g**2 + g - 19. Let o be s(0). Let k = o - -38. List the prime factors of k.
19
Let b = 29 - 4. List the prime factors of b.
5
Let n(j) = 16*j**2 + 1. Let o be n(-1). List the prime factors of o*2*(-2)/(-4).
17
Let b(r) = -r + 4. Let g be (4/(-6))/(6/(-27)). Let w be b(g). Let t = 4 - w. List the prime factors of t.
3
Suppose -5*z = -10 + 170. Let k = 50 + z. List the prime factors of k.
2, 3
Let v(t) = 5 + t - 4 + 2. Let b be v(-6). Let w(c) = 2*c**2 + 4*c + 3. List the prime factors of w(b).
3
Let f = 5 - 9. Let z = f - -7. What are the prime factors of z?
3
Let w(a) = a**2 + 6*a + 7. Suppose -3*m - 44 = -3*k - 14, 4*m + 25 = k. What are the prime factors of w(m)?
2
What are the prime factors of 12/(-5)*(-5)/2?
2, 3
Suppose -7*l = 132 - 734. List the prime factors of l.
2, 43
Let y(g) = -g**2 - 18*g - 21. What are the prime factors of y(-14)?
5, 7
Let h(c) = c - 10. Let b be h(15). Suppose -4*x + 3*x = -44. Suppose b*z = 3*q - x, -3*q + 66 = q - 3*z. What are the prime factors of q?
2, 3
Let m(q) = q**2 + 5*q + 8. Let y be m(-8). Suppose 2*o - 12 = -4*b, 5*o - o - 9 = -3*b. Suppose -b*z + y = z. What are the prime factors of z?
2
Let j = 7 - 2. Suppose -l + 10 = -3*u - 0, j*u + 40 = 5*l. What are the prime factors of l?
7
Suppose 2*z - 6*z - 2*h + 8 = 0, -z + 4*h + 11 = 0. Let v = z - -2. Suppose 0 = -v*f + 2*y - 0*y + 47, 5*y - 20 = 0. List the prime factors of f.
11
Suppose w + 3*r = -w + 4, 2*r = -2*w + 2. Let z be (3 - 2)*4 - w. List the prime factors of 54/z + 1/5.
11
Suppose 3*f + 2*n + 74 = 0, -f - f - 2*n - 46 = 0. List the prime factors of (-4)/(-14) - 916/f.
3, 11
Suppose -5*n = -100 - 15. List the prime factors of n.
23
Suppose 0*c - 8 = -2*c. Suppose 3*h + 11 = c*h. What are the prime factors of h?
11
Suppose s - 4*j - 61 = -2, -j = 1. List the prime factors of s.
5, 11
Let l = -104 - -229. What are the prime factors of l?
5
Let i(b) = 2*b**3 - 3*b**2 + 3*b - 3. Let k(v) = -v - 7. Let y be k(-9). Let p be i(y). Let r = 16 - p. List the prime factors of r.
3
Let w = -107 - -182. Suppose -3*l + w = -0*l. What are the prime factors of l?
5
Suppose 0 = -7*t + 2280 - 341. List the prime factors of t.
277
Let z(n) = -n**3 + 10*n**2 + 6*n - 7. Let b be z(10). Suppose b - 17 = 3*k. List the prime factors of k.
2, 3
Let o = 5 - 0. Suppose 4*l = -5*x + 22, o*l + 0 = -10. Suppose -4 = u - x. What are the prime factors of u?
2
Let u be 6/(((-3)/2)/1). Let v be (-1 - 1/u)*-32. Suppose 8 = w + 2*c - 0*c, 3*w + c - v = 0. List the prime factors of w.
2
List the prime factors of 1/((-8)/20*3/(-6)).
5
Suppose 0 = -3*m + 10 + 2, -h - 4*m = -54. Suppose 0*l - h = 3*l - y, 4*l - 3*y + 54 = 0. List the prime factors of 8/l + (-23)/(-3).
7
Suppose -441 = -8*b + b. List the prime factors of b.
3, 7
Suppose 2*s = s - 2. List the prime factors of (s - -1 - -4)*3.
3
List the prime factors of (-921)/(-4) - 4 - (-2)/(-8).
2, 113
Let n be 4/(4*(-3)/(-18)). Suppose 0 = r - n*r + 25. List the prime factors of r.
5
Suppose -3*o + d + 0*d + 323 = 0, 202 = 2*o - 4*d. Suppose o + 39 = 4*p. Suppose 5*f + t - p = 0, -2*f - 2*t = 2*t - 22. What are the prime factors of f?
7
Suppose 4*t - 41 = 123. What are the prime factors of t?
41
Suppose -2*w + 73 = 5. What are the prime factors of w?
2, 17
Let r(n) = 3*n**3 - 6*n**2 - 4*n + 12. Let b(d) = d**3 - 2*d**2 - d + 4. Let w(f) = 7*b(f) - 2*r(f). Let a = 7 + -4. What are the prime factors of w(a)?
2
Suppose -3*v = 2*p + 14, 2*v + 2*p = v + 2. Let b be 1 + 4/((-4)/3). What are the prime factors of ((-20)/v)/(b/(-4))?
5
List the prime factors of ((-156)/(-5))/(27/90).
2, 13
Let h(t) = t**3 - 2*t**2 + 2*t - 1. Let b be h(2). Suppose -2*y + 17 = b*m, -53 = -6*y + y + 3*m. List the prime factors of y.
2, 5
Suppose l - 29 = -0*l. Let p = -16 + l. List the prime factors of p.
13
Suppose -4 = -2*k, -5*k + 644 = 5*l - 41. What are the prime factors of l?
3, 5
Let c = -184 + 399. List the prime factors of c.
5, 43
Suppose 5*j + 11 = 4*j. List the prime factors of 2/j + (-501)/(-33).
3, 5
Let z = -21 + 59. Let l be 1/4 + z/8. Let s = l + 4. What are the prime factors of s?
3
Suppose 16*k = 12*k + 168. What are the prime factors of k?
2, 3, 7
Let o be (-27)/(-5) - 10/25. Suppose -95 = -3*k - r, 0 = o*k - 0*k - 3*r - 149. What are the prime factors of k?
31
Let l(p) = p**2 - 6*p + 1. Let h be l(9). Suppose -n = n - h. Let y = n + -8. List the prime factor